{"id":3802,"date":"2015-01-26T16:20:58","date_gmt":"2015-01-26T16:20:58","guid":{"rendered":"http:\/\/www.ederkistores.com\/es\/lentreprise\/"},"modified":"2016-11-22T11:33:38","modified_gmt":"2016-11-22T11:33:38","slug":"lentreprise","status":"publish","type":"page","link":"https:\/\/www.ederkistores.com\/es\/lentreprise\/","title":{"rendered":"Pr\u00e9sentation de l&#8217;entreprise espagnol"},"content":{"rendered":"<h4 style=\"text-align: justify;\"><img loading=\"lazy\" decoding=\"async\" class=\"size-produit wp-image-4015 alignright\" src=\"http:\/\/www.ederkistores.com\/wp-content\/uploads\/2015\/01\/equipe-e1479813547802-440x291.jpg\" alt=\"equipe\" width=\"440\" height=\"291\" srcset=\"https:\/\/www.ederkistores.com\/wp-content\/uploads\/2015\/01\/equipe-e1479813547802-440x291.jpg 440w, https:\/\/www.ederkistores.com\/wp-content\/uploads\/2015\/01\/equipe-e1479813547802-300x198.jpg 300w, https:\/\/www.ederkistores.com\/wp-content\/uploads\/2015\/01\/equipe-e1479813547802-768x507.jpg 768w, https:\/\/www.ederkistores.com\/wp-content\/uploads\/2015\/01\/equipe-e1479813547802-1024x676.jpg 1024w, https:\/\/www.ederkistores.com\/wp-content\/uploads\/2015\/01\/equipe-e1479813547802-221x146.jpg 221w, https:\/\/www.ederkistores.com\/wp-content\/uploads\/2015\/01\/equipe-e1479813547802-50x33.jpg 50w, https:\/\/www.ederkistores.com\/wp-content\/uploads\/2015\/01\/equipe-e1479813547802-114x75.jpg 114w, https:\/\/www.ederkistores.com\/wp-content\/uploads\/2015\/01\/equipe-e1479813547802-576x380.jpg 576w, https:\/\/www.ederkistores.com\/wp-content\/uploads\/2015\/01\/equipe-e1479813547802.jpg 1708w\" sizes=\"auto, (max-width:767px) 440px, 440px\" \/>EDERKI STORES se especializa en el campo de la protecci\u00f3n solar y en cerramientos de terrazas.<br \/>\nContribuimos en la mejora y el bienestar de tu d\u00eda a d\u00eda.<\/h4>\n<p style=\"text-align: justify;\"><span style=\"font-size: medium;\">Ofrecemos una amplia gama de productos seleccionados por su calidad que van desde la gama alta hasta la gama media. Nuestros productos son los toldos de interior y exterior, las p\u00e9rgolas, sombrillas, persianas, cortinas, puertas de garaje y automatizaci\u00f3n, entre otros.<\/span><\/p>\n<p style=\"text-align: justify;\"><span style=\"font-size: medium;\">Situado en Urru\u00f1a estamos presentes en todo el Pa\u00eds Vasco y sur de Las Landas. La importancia que le damos a la profesionalidad, el dinamismo y el servicio al cliente, hacen que nuestra empresa sea una referencia en nuestro sector.<\/span><\/p>\n<p style=\"text-align: justify;\"><span style=\"font-size: medium;\">Tambi\u00e9n podr\u00e1 disfrutar de toda nuestra experiencia adquirida desde hace m\u00e1s de 10 a\u00f1os en el asesoramiento, fabricaci\u00f3n, instalaci\u00f3n y reparaci\u00f3n de toldos y cerramientos.<\/span><\/p>\n<p style=\"text-align: justify;\"><span style=\"font-size: medium;\">Nuestro servicio y nuestra experiencia tiene como finalidad tanto el particular como empresas y administraciones.<\/span><\/p>\n<p style=\"text-align: justify;\"><span style=\"font-size: medium;\">Nuestro objetivo es siempre el mismo: la plena satisfacci\u00f3n de nuestros clientes.<br \/>\n <\/span><\/p>\n<p style=\"text-align: justify;\"><span style=\"font-size: medium;\">\u00a0<\/span><\/p>\n<h6>Nuestros Valores : Profesionalidad | Participaci\u00f3n | Responsabilidad<\/h6>\n<p align=\"RIGHT\"><strong><span style=\"font-size: medium;\">Christian Sanchez<\/span><\/strong><\/p>\n","protected":false},"excerpt":{"rendered":"<p>EDERKI STORES se especializa en el campo de la protecci\u00f3n solar y en cerramientos de terrazas. Contribuimos en la mejora y el bienestar de tu d\u00eda<span class=\"excerpt-hellip\"> [\u2026]<\/span><\/p>\n","protected":false},"author":1,"featured_media":3612,"parent":0,"menu_order":0,"comment_status":"open","ping_status":"open","template":"","meta":{"footnotes":""},"class_list":["post-3802","page","type-page","status-publish","has-post-thumbnail","hentry"],"_links":{"self":[{"href":"https:\/\/www.ederkistores.com\/es\/wp-json\/wp\/v2\/pages\/3802","targetHints":{"allow":["GET"]}}],"collection":[{"href":"https:\/\/www.ederkistores.com\/es\/wp-json\/wp\/v2\/pages"}],"about":[{"href":"https:\/\/www.ederkistores.com\/es\/wp-json\/wp\/v2\/types\/page"}],"author":[{"embeddable":true,"href":"https:\/\/www.ederkistores.com\/es\/wp-json\/wp\/v2\/users\/1"}],"replies":[{"embeddable":true,"href":"https:\/\/www.ederkistores.com\/es\/wp-json\/wp\/v2\/comments?post=3802"}],"version-history":[{"count":6,"href":"https:\/\/www.ederkistores.com\/es\/wp-json\/wp\/v2\/pages\/3802\/revisions"}],"predecessor-version":[{"id":4030,"href":"https:\/\/www.ederkistores.com\/es\/wp-json\/wp\/v2\/pages\/3802\/revisions\/4030"}],"wp:featuredmedia":[{"embeddable":true,"href":"https:\/\/www.ederkistores.com\/es\/wp-json\/wp\/v2\/media\/3612"}],"wp:attachment":[{"href":"https:\/\/www.ederkistores.com\/es\/wp-json\/wp\/v2\/media?parent=3802"}],"curies":[{"name":"wp","href":"https:\/\/api.w.org\/{rel}","templated":true}]}}

Présentation de l&#8217;entreprise espagnol

<h4 style="text-align: justify;"><img loading="lazy" decoding="async" class="size-produit wp-image-4015 alignright" src="http://www.ederkistores.com/wp-content/uploads/2015/01/equipe-e1479813547802-440x291.jpg" alt="equipe" width="440" height="291" srcset="https://www.ederkistores.com/wp-content/uploads/2015/01/equipe-e1479813547802-440x291.jpg 440w, https://www.ederkistores.com/wp-content/uploads/2015/01/equipe-e1479813547802-300x198.jpg 300w, https://www.ederkistores.com/wp-content/uploads/2015/01/equipe-e1479813547802-768x507.jpg 768w, https://www.ederkistores.com/wp-content/uploads/2015/01/equipe-e1479813547802-1024x676.jpg 1024w, https://www.ederkistores.com/wp-content/uploads/2015/01/equipe-e1479813547802-221x146.jpg 221w, https://www.ederkistores.com/wp-content/uploads/2015/01/equipe-e1479813547802-50x33.jpg 50w, https://www.ederkistores.com/wp-content/uploads/2015/01/equipe-e1479813547802-114x75.jpg 114w, https://www.ederkistores.com/wp-content/uploads/2015/01/equipe-e1479813547802-576x380.jpg 576w, https://www.ederkistores.com/wp-content/uploads/2015/01/equipe-e1479813547802.jpg 1708w" sizes="auto, (max-width:767px) 440px, 440px" />EDERKI STORES se especializa en el campo de la protección solar y en cerramientos de terrazas.<br />
Contribuimos en la mejora y el bienestar de tu día a día.</h4>
<p style="text-align: justify;"><span style="font-size: medium;">Ofrecemos una amplia gama de productos seleccionados por su calidad que van desde la gama alta hasta la gama media. Nuestros productos son los toldos de interior y exterior, las pérgolas, sombrillas, persianas, cortinas, puertas de garaje y automatización, entre otros.</span></p>
<p style="text-align: justify;"><span style="font-size: medium;">Situado en Urruña estamos presentes en todo el País Vasco y sur de Las Landas. La importancia que le damos a la profesionalidad, el dinamismo y el servicio al cliente, hacen que nuestra empresa sea una referencia en nuestro sector.</span></p>
<p style="text-align: justify;"><span style="font-size: medium;">También podrá disfrutar de toda nuestra experiencia adquirida desde hace más de 10 años en el asesoramiento, fabricación, instalación y reparación de toldos y cerramientos.</span></p>
<p style="text-align: justify;"><span style="font-size: medium;">Nuestro servicio y nuestra experiencia tiene como finalidad tanto el particular como empresas y administraciones.</span></p>
<p style="text-align: justify;"><span style="font-size: medium;">Nuestro objetivo es siempre el mismo: la plena satisfacción de nuestros clientes.<br />
 </span></p>
<p style="text-align: justify;"><span style="font-size: medium;"> </span></p>
<h6>Nuestros Valores : Profesionalidad | Participación | Responsabilidad</h6>
<p align="RIGHT"><strong><span style="font-size: medium;">Christian Sanchez</span></strong></p>

<p>EDERKI STORES se especializa en el campo de la protección solar y en cerramientos de terrazas. Contribuimos en la mejora y el bienestar de tu día<span class="excerpt-hellip"> […]</span></p>
